illions digit of 195128012?
9
What is the hundred thousands digit of 227843768?
8
What is the tens digit of 68879760?
6
What is the tens digit of 476268622?
2
What is the hundred thousands digit of 4121564958?
5
What is the thousands digit of 3389151219?
1
What is the ten thousands digit of 175446080?
4
What is the hundreds digit of 754294566?
5
What is the hundred thousands digit of 32426648?
4
What is the tens digit of 39694703?
0
What is the ten millions digit of 34840784?
3
What is the hundred millions digit of 5508387448?
5
What is the ten millions digit of 56171764?
5
What is the thousands digit of 316244537?
4
What is the thousands digit of 42444472?
4
What is the thousands digit of 126314276?
4
What is the tens digit of 52805893?
9
What is the thousands digit of 587863080?
3
What is the ten thousands digit of 5799291218?
9
What is the hundred thousands digit of 1745907?
7
What is the hundreds digit of 286026080?
0
What is the hundred thousands digit of 363175685?
1
What is the tens digit of 384057410?
1
What is the tens digit of 2578518312?
1
What is the billions digit of 6229833710?
6
What is the ten thousands digit of 1038198869?
9
What is the hundred thousands digit of 1405125666?
1
What is the units digit of 2902365425?
5
What is the thousands digit of 31741778?
1
What is the ten millions digit of 210486729?
1
What is the millions digit of 110197733?
0
What is the tens digit of 47153904?
0
What is the ten thousands digit of 2750840840?
4
What is the hundreds digit of 265788018?
0
What is the ten thousands digit of 292126021?
2
What is the units digit of 3030383?
3
What is the thousands digit of 582867856?
7
What is the ten millions digit of 1022935523?
2
What is the hundred millions digit of 8338796035?
3
What is the tens digit of 122837951?
5
What is the hundreds digit of 559975199?
1
What is the units digit of 1683800428?
8
What is the ten millions digit of 305496364?
0
What is the units digit of 40220083?
3
What is the thousands digit of 20557491?
7
What is the millions digit of 214883085?
4
What is the millions digit of 391245428?
1
What is the hundred thousands digit of 9896949?
8
What is the hundreds digit of 988687752?
7
What is the units digit of 35987530?
0
What is the ten millions digit of 4713579272?
1
What is the tens digit of 732238946?
4
What is the millions digit of 1586818197?
6
What is the thousands digit of 3657545175?
5
What is the hundred thousands digit of 2204405852?
4
What is the thousands digit of 290879378?
9
What is the ten millions digit of 595662350?
9
What is the hundred millions digit of 1043097987?
0
What is the hundred millions digit of 2485157320?
4
What is the hundred thousands digit of 2157132653?
1
What is the hundred thousands digit of 616927950?
9
What is the millions digit of 32975650?
2
What is the thousands digit of 34884982?
4
What is the hundred millions digit of 1777422287?
7
What is the millions digit of 223667709?
3
What is the hundred millions digit of 219499254?
2
What is the hundred thousands digit of 2097879017?
8
What is the ten thousands digit of 91217889?
1
What is the thousands digit of 2756573215?
3
What is the hundred thousands digit of 2869151957?
1
What is the billions digit of 4339521708?
4
What is the hundred millions digit of 263199564?
2
What is the tens digit of 1247119775?
7
What is the millions digit of 38882397?
8
What is the units digit of 157666942?
2
What is the millions digit of 61310940?
1
What is the millions digit of 1873521519?
3
What is the ten thousands digit of 74062179?
6
What is the units digit of 21583734?
4
What is the hundreds digit of 129502884?
8
What is the hundred thousands digit of 549787475?
7
What is the tens digit of 634050134?
3
What is the hundreds digit of 2298659940?
9
What is the thousands digit of 11982328?
2
What is the billions digit of 2903188495?
2
What is the ten millions digit of 445388862?
4
What is the millions digit of 2581216230?
1
What is the millions digit of 16136453?
6
What is the thousands digit of 333953946?
3
What is the tens digit of 3800256266?
6
What is the hundred millions digit of 257297721?
2
What is the units digit of 3696634476?
6
What is the millions digit of 212175259?
2
What is the millions digit of 4245752276?
5
What is the ten millions digit of 852650915?
5
What is the hundreds digit of 85365707?
7
What is the billions digit of 5735183874?
5
What is the units digit of 60774546?
6
What is the billions digit of 3702542313?
3
What is the tens digit of 46862229?
2
What is the tens digit of 370735863?
6
What is the ten thousands digit of 154132912?
3
What is the billions digit of 5811576540?
5
What is the hundreds digit of 927057412?
4
What is the thousands digit of 4816170899?
0
What is the ten thousands digit of 1391891222?
9
What is the tens digit of 133400036?
3
What is the millions digit of 964043124?
4
What is the ten millions digit of 154947732?
5
What is the hundreds digit of 256608?
6
What is the ten millions digit of 548973705?
4
What is the hundred millions digit of 118493709?
1
What is the thousands digit of 44695466?
5
What is the ten millions digit of 183628255?
8
What is the tens digit of 11275780?
8
What is the units digit of 66537423?
3
What is the hundreds digit of 22312603?
6
What is the units digit of 125833233?
3
What is the tens digit of 200494939?
3
What is the tens digit of 1537278757?
5
What is the ten thousands digit of 2666117?
6
What is the tens digit of 2540793943?
4
What is the units digit of 212462893?
3
What is the hundreds digit of 313436067?
0
What is the hundred thousands digit of 163641705?
6
What is the hundred thousands digit of 161792490?
7
What is the ten millions digit of 1602131853?
0
What is the hundreds digit of 80020005?
0
What is the hundred millions digit of 414862877?
4
What is the thousands digit of 805650035?
0
What is the units digit of 107464211?
1
What is the thousands digit of 941558845?
8
What is the hundreds digit of 264188219?
2
What is the hundred millions digit of 1091262105?
0
What is the thousands digit of 3517544960?
4
What is the millions digit of 36085630?
6
What is the hundreds digit of 77177581?
5
What is the hundreds digit of 614074648?
6
What is the hundred thousands digit of 111020520?
0
What is the ten thousands digit of 6623601942?
0
What is the tens digit of 109866497?
9
What is the hundred thousands digit of 98328244?
3
What is the hundred thousands digit of 14213904?
2
What is the millions digit of 37375779?
7
What is the thousands digit of 24871768?
1
What is the ten thousands digit of 50305510?
0
What is the millions digit of 4871023207?
1
What is the hundreds digit of 1279731529?
5
What is the units digit of 1597049534?
4
What is the hundred millions digit of 1500720867?
5
What is the thousands digit of 13915683?
5
What is the hundred thousands digit of 8010723?
0
What is the hundred thousands digit of 27451636?
4
What is the hundreds digit of 3739881?
8
What is the hundreds digit of 380193700?
7
What is the hundred millions digit of 193751509?
1
What is the thousands digit of 3512633113?
3
What is the hundreds digit of 5923009269?
2
What is the hundred millions digit of 2885271433?
8
What is the billions digit of 1225403345?
1
What is the ten millions digit of 1094070263?
9
What is the millions digit of 10952630?
0
What is the ten millions digit of 214266229?
1
What is the hundreds digit of 16201589?
5
What is the hundred thousands digit of 127343276?
3
What is the ten millions digit of 130479368?
3
What is the thousands digit of 257636910?
6
What is the units digit of 1084134824?
4
What is the ten thousands digit of 71059337?
5
What is the tens digit of 5232044554?
5
What is the ten thousands digit of 1919288912?
8
What is the thousands digit of 176395932?
5
What is the tens digit of 174654540?
4
What is the billions digit of 1174801096?
1
What is the thousands digit of 34667868?
7
What is the tens digit of 1929834632?
3
What is the ten millions digit of 944746681?
4
What is the ten thousands digit of 34561803?
6
What is the millions digit of 187598321?
7
What is the tens digit of 1591127658?
5
What is the thousands digit of 13239972?
9
What is the hundred thousands digit of 221813851?
8
What is the hundred millions digit of 47256